
What is the value of (28 - -2 - (-3 - 3)) + -6 + -2 - -12?
40
Calculate (-28 + -2 - -95) + (-1 - -2).
66
Evaluate -5 + (143 - 82) - -12.
68
What is the value of -2 + 33 + -2 - (-69 - (-139 + 61))?
20
3 + 146 + 2259 + -2294
114
Calculate (172 - -14) + -92 - (-5 - -22).
77
-28 + -15 + 25 + -18 + (-2 - -10 - 1)
-29
(-15 + -17 + 10 - -14) + 14 - 2
4
What is the value of -1 - (-46 - 0 - (-148 + 157)) - -2?
56
What is the value of 1 + -53 - (-50 + 48) - (-1 + (1 - 5))?
-45
What is (108 - 91) + (-4 + 6 - 3) + -29?
-13
What is 4 - (8 + (-2 - -22 - 6) + -8 + 12)?
-22
What is -34 - (-44 + 14 - -3) - (-1 + 3 + 44)?
-53
Evaluate 43 + -2 + (-8 - -36) - -35.
104
What is 2 + -6 - (3 + 15 + 61 + -81)?
-2
What is (-23 - -11 - ((-118 - 0) + -3 + 4)) + -1?
104
37 - (12 + 0) - (-3 + -9)
37
What is 6 - ((50 - 54) + -15 + 2 + 0)?
23
What is 92 + -37 - 77 - 13?
-35
-3 - (-11 - (8 - (42 - 27)) - (0 - -45))
46
-34 + 85 + -41 + 14
24
Calculate 69 + (47 - 100) + (-3 - (-1 + -16)).
30
Evaluate (1 - 31) + (-559 - -554).
-35
Calculate 69 - (34 + 16) - (2 + -4 - 1).
22
Evaluate (11 - ((-10 - -12 - -13) + 4) - 39) + -2.
-49
(-4 - (-1 + -9) - -3 - 0) + -83 + 15
-59
Calculate 46 + -4 + -4 + -16 + 13.
35
Calculate -117 + (13 - (74 + -49 + 9)).
-138
(27 - 2 - -3) + (55 - (51 + 15))
17
Calculate (1 - -32) + (14 - (36 + -1) - -50 - 22).
40
-95 - (-9 + 10 + 15 + -11 + 0)
-100
6 + (-2 - -6) + (24 - 34) + 1 - -90
91
Calculate (-32 - ((-34 - -16) + -7)) + -45.
-52
Calculate -4 - (-1 - 0) - ((10 - 2 - -9) + 53).
-73
What is -183 + 58 + 61 + 50?
-14
Calculate (45 - -3) + (-48 - 16).
-16
What is -81 + 7 + (18 - (-2 + -9))?
-45
(7 + -12 - 6) + -12 + 16 + -10 + 120
103
Calculate -20 + (19 - (16 - (13 - (-15 - 6)))).
17
What is (-18 - -13) + (-15 - (-6 - -7))?
-21
Calculate 0 - 3 - (-4 - (-1 - -19) - (210 + -259)).
-30
What is -125 + (-158 + 129 - -132)?
-22
-107 + 104 - (-14 + -8 + 3)
16
(0 - -13) + (-142 + 59 - 41)
-111
What is 39 - -11 - (13 + -14) - (7 - (3 + -6))?
41
What is the value of -8 - (-58 - -31) - 30 - (0 + -77)?
66
Calculate (-17 - -22 - -33) + -26 - (1 - 42).
53
What is (-40 - (-49 + 11)) + -34 - 42?
-78
Calculate 153 + -145 - (2 - -1) - ((65 - 6) + 8).
-62
-1379 - -1397 - ((-3 - 7) + 0)
28
Calculate (-12 - -24) + (63 - -54).
129
What is the value of (0 + -3 - (7 - 5)) + -2 - (199 - 195)?
-11
What is the value of (11 - 34 - -35) + (-29 - 1 - 1)?
-19
Evaluate (-41 - (36 + -15)) + 12.
-50
Calculate (6 - 3 - 40) + 93 + -73.
-17
What is -15 + -4 + -25 + 84 + 4?
44
What is -20 - -52 - (-66 - -47)?
51
What is the value of (-12 - -32 - 16) + 13 + 4 + -16?
5
Calculate -9 - (109 - (1 + 35)) - 20.
-102
7 + (-5 - (-30 - -9) - (20 + -34))
37
Calculate -1 + (38 - 4 - (32 - 13 - 9)).
23
-1 + 2 - -27 - (-1357 + 1460)
-75
Evaluate -1 + (-19 - (-208 + 59 + 2 + 9)).
118
Calculate 43 - (-12 + 47 + 20).
-12
What is the value of 27 + 50 + -98 + 65?
44
6 + (-102 - -93) - (-2 + 4 - 2) - -43
40
12 - (-2 + (-15 - 4 - -17 - 1))
17
-1 + 11 + (102 - 164) + 77
25
Calculate -43 + (1 - (1 + -31 + 15)).
-27
Calculate 58 + (22 - 27) - 106.
-53
What is 686 - 760 - (0 + -51)?
-23
What is the value of (18 - (18 - 4)) + (4 - (3 + 2)) + 1?
4
What is the value of 1 - 72 - 1 - ((68 - 247) + 172)?
-65
88 - (63 - -12 - 42)
55
53 + ((43 - 20) + -21 - 1) + 4
58
Calculate (0 - (20 + -12) - -96) + -19.
69
Evaluate 1316 + -1312 - (-1 - 33).
38
Evaluate -36 + (64 - 6) + 29.
51
Evaluate -19 + -2 + (26 - 0).
5
Calculate (7 + -1 - 41) + 134 - 28.
71
(32 + -29 - (11 + 20)) + 42
14
What is the value of -121 + -60 + 170 - (3 + -3 - -20)?
-31
Calculate (30 - (-11 + -1 + 17)) + -46.
-21
Calculate 8 + (-12 - (-2 - (8 - (1 - -2)))) + 5.
8
Evaluate (7 - (16 - (26 - 19) - (0 + 0))) + 24.
22
Calculate -20 + (48 - (72 + -2)).
-42
What is the value of -73 - (-145 - 18) - ((2 - 4) + 0)?
92
What is (31 - 23 - -102) + (1 - 1 - (-31 + 20))?
121
What is 34 + (21 - (11 - (9 - -10)))?
63
What is the value of -54 + 18 - 15 - -30?
-21
What is the value of 42 - ((-3 - (-27 - -14)) + -16)?
48
What is (730 - 335 - 351) + -77 + -1?
-34
Evaluate (-6 - -12) + 10 - ((15 - 32) + 14).
19
-3 - ((-31 - -30 - 12) + 3 + 31)
-24
What is the value of 37 - 35 - (-75 - (-3 + 9 + -11 + 3))?
75
Calculate 49 + -1 - (38 + 25 + -43).
28
What is the value of (4 + 10 - (11 - -2)) + (-49 - (8 + -3))?
-53
-301 + 300 + (-7 + (13 - 7) - -5)
3
What is the value of -36 + -1 + 40 + -40?
-37
-75 + 48 + 25 + 3 + 3 + -8 + 39
35
Calculate -101 + ((-12 - 20) + 26 - -31).
-76
(-135 + 218 - 60) + -4 + 1
20
What is (0 - 174) + (23 - 87 - -36 - -51)?
-151
Evaluate (20 + -68 - -56) + (-137 - (-2 + 7)).
-134
What is -90 - (-4 + -1 - (-9 - 7 - -13))?
-88
Evaluate 44 + 2 - (-28 + -25 + (86 - 16)).
29
Evaluate 14 + 11 + -11 - (0 - -11) - 33.
-30
Calculate -28 + (11 - (-25 - -7)).
1
What is (-312 - -276) + -13 + 6?
-43
What is 8 + -64 + 25 - (34 + -33) - (3 + 0)?
-35
Calculate (0 - -8 - (29 - 39)) + 28.
46
What is -39 + (-12 - 21) - (5 + 5 + 3)?
-85
3 + 23 + (-14 - 9) + 17
20
What is the value of (6 + 1 - (42 + -27 - 17)) + 1?
10
Evaluate 10 + 0 - (-1 + 55 - (3279 + -3298)).
-63
What is 3 + -39 + 1 - (489 + -496 + (1 - -17))?
-46
(-1 + -2 - -17) + (62 - (17 - 18))
77
Calculate 112 + 3 + 80 + -49 + -53.
93
What is the value of (11 - 24) + 9 + -1 + -49 + 12 + -7?
-49
Evaluate -7 - ((-5 - 13) + 38) - -18.
-9
Calculate 145 + -97 + (-2 + 0 - 2).
44
Evaluate -56 + (-9 - 0) + -566 + 566 + 22 + 2.
-41
Calculate 79 + -8 + -39 - (-8 + 41).
-1
Calculate (37 - 2) + 15 + (-6 - -18 - 25 - -10).
47
What is (-1 - 1) + (14 - (1 - -5 - (-37 + 26)))?
-5
Evaluate 4 - (31 - (-19 + 6 + -6)).
-46
Calculate -38 - 1 - (-153 - -111) - (2 - -40).
-39
What is -89 + (14 + 29 - -26)?
-20
(20 - 31) + -11 + 7 + 12 - 9
-12
What is (-92 - (1 + -19)) + 31 - 16?
-59
What is the value of 53 + -45 + -39 + 55?
24
What is 228 - (80 - (-138 + 127))?
137
What is the value of (1 - 8 - (-68 + 52)) + 16 + 1 + -6?
20
What is the value of -13 + (2 - 25) + 13 + -30?
-53
-1 - (-8 + 0) - (-64 + -174 + 152) - 11
82
Calculate (0 - 7) + 7 + -18 + 327 + -200.
109
Calculate 55490 + -55482 + (2 + (-2 - (-81 + 1)) - -2).
90
What is the value of (-3 - 6) + -13 - (-4 - 3)?
-15
What is the value of -98 + 0 - (-6747 - -6624)?
25
-66 + 70 + -20 + -1 - (-18 - 2)
3
Calculate -23 - (-9 + -13 + (7 - 3)) - 73.
-78
What is -15 + -9 + 0 + (-9 - -3 - -13)?
-17
Calculate 53 + 4 - (-2809 - -2915).
-49
What is (-67 + 45 - -113) + 38 + -8?
121
(6 - 6) + -5 - (91 + (-23 - 15))
-58
What is -1 - (22 + 2 + -3 - 9 - (-1 + -11))?
-25
-2 + -112 + (64 - -6)
-44
Calculate (113 - 14) + 37 - 95.
41
(-3 - -34 - (-7 + 18)) + -24
-4
Calculate (-88 - 14) + -1 + 13 + (1 + 6 - 5).
-88
What is the value of -76 - 2 - (-44 - 1 - (117 + -142))?
-58
What is the value of -65 - (-275 + 261 + -1 + 18)?
-68
Evaluate -5 - -8 - (328 + -322).
-3
Calculate 44 + -49 + 53 + -18.
30
What is 11 + (172 - 178) + 0 + 1?
6
0 + 30 - (43 + -6) - (-8 - 9)
10
What is the value of 45 + (-31 - 4) + -6?
4
What is (-10 - (27 + -67)) + -11 + (1 - 10) + 14?
24
What is the value of -10 + 37 + 55 + -128?
-46
Evaluate 65 + -88 + -5 + 4 + -16.
-40
What is -10 + (25 - ((19 - 3) + -13))?
12
What is -45 - (16 - 19 - 26 - -1)?
-17
Calculate (-120 - -129 - (-3 - 5)) + -22.
-5
Calculate (-21 - -5) + (-6 + 1 - (-10 + -6)) - 4.
-9
Calculate -105 + -11 - -206 - 31.
59
What is the value of -11 + 94 - ((47 - (-22 + 47)) + (-11 - 1))?
73
Calculate 0 - -6 - -10 - (33 - (-26 + -9)).
-52
What is the value of (7 - 90) + (-190 - -255)?
-18
Evaluate -16 + 5 + (131 - (3 + -11 - -6) - 4).
118
Calculate (-21 - -28 - ((0 - -4) + 4)) + (1 - -40).
40
What is 0 - 7 - (10 - (18 + (-2 - 6))) - -47?
40
Evaluate 56 + (27 - (61 - 24)).
46
Evaluate 6 + (1 + 30 - (34 + (39 - 75))).
39
(150 + -145 - (1 + 4)) + 26
26
Calculate (-23 - -62) + 17 - 51.
5
What is -13 - (13 - 21 - 37) - 7?
25
Evaluate 49 + -17 + -42 + (2 - (-2 - (1 - 28))).
-33
Calculate 24 + (-5 - 21 - 12) + (0 - 10).
-24
What is the value of 68 + (-21 - (11 + (-19 - (-14 - -11 - -5))))?
57
What is 0 + (2 - 5) + 111 + (-1510 - -1497)?
95
-8 + -1 + -6 + -350 + 354
-11
Evaluate -2 + 2 + 0 + (-1540 - -1515).
-25
1 + (-1 - -3) - (-344 + 288)
59
Evaluate 25 - (46 + 62 - 42).
-41
Calculate 81 + 0 + -18 + -5.
58
What is the value of 5 + -16 + (1 - (8 - -1) - (472 + -478))?
-13
What is 